tor of m and l.
13
Let d(r) = r**2 - 210*r + 7995. Let u be d(161). Calculate the highest common factor of u and 3286.
106
Let f be (0 + (-2)/4)*2*-155. Let w = -119 + f. What is the highest common factor of 288 and w?
36
Let l(m) be the second derivative of -m**4/12 + 13*m**3/6 + 19*m**2 - 39*m. Let b be l(12). Calculate the highest common divisor of 175 and b.
25
Let i = -10481 + 11664. Calculate the greatest common factor of 455 and i.
91
Suppose -3*z = -4*k + 322 + 577, -1122 = -5*k + 2*z. Suppose -58*i = -65*i + k. What is the greatest common factor of 12 and i?
4
Let b = -11530 + 11556. What is the greatest common divisor of b and 6?
2
Let x = 60 - 60. Suppose x = 48*s - 55*s + 1120. Let p be 4 - 2 - 14/(-1). Calculate the greatest common divisor of p and s.
16
Let h be (36/5)/(-4*2/(-40)). Let m = h - -28. Let i be -2*(-2 + 1*-6). Calculate the highest common factor of m and i.
16
Suppose 0 = -4*w + 2*l + 1754, 17*w - 891 = 15*w + 3*l. Calculate the highest common divisor of w and 765.
15
Suppose g + 5 = -3*z - 1, 0 = z + 1. Let n(x) = -x**3 + 2*x**2 + 8*x - 5. Let y be n(g). What is the highest common divisor of 272 and y?
16
Suppose 12*o - 485 = -31*o - 141. Let p = -14 - -70. What is the highest common factor of o and p?
8
Let c be (0 - -7 - 23)/(12/(-3978)). Calculate the highest common divisor of c and 51.
51
Let b = -924 + 942. Suppose -4*r - 510 = -9*r - 5*m, -2*r - m = -201. Calculate the highest common factor of r and b.
9
Let k(h) = 3*h**2 - 720*h - 20703. Let p be k(266). Let a = -4 - -7. Suppose a*l + 40 = 7*l. Calculate the highest common factor of p and l.
5
Suppose 5*k - 219 = 546. Let i(d) = d**3 - 32*d**2 + d - 52. Let p be i(32). Let c be (-132)/(-10) + 4/p + 4. What is the highest common divisor of k and c?
17
Let v = -115 + 184. Suppose -99*s = -105*s - 87*s + 8556. Calculate the highest common divisor of v and s.
23
Suppose 3*g + 1710 = 5*d, -g = 3*d - 0*g - 1026. Let c = d + -525. Let z be (-2)/(-4) - c/6. Calculate the highest common factor of z and 217.
31
Let b = 47636 - 47507. Suppose -4*f + 0 = -12. What is the highest common factor of b and f?
3
Let l(m) = m**2 + 13*m - 390. Let c be l(-30). Calculate the greatest common factor of c and 344.
8
Let x be (-1020)/(-3)*(14 - (-396)/(-30)). What is the highest common factor of x and 192?
16
Let v be (-1344)/(-10) - 1*(-12)/20. Suppose 0 = 32*f - 27*f - v. What is the highest common factor of f and 36?
9
Suppose 0 = -2*r + 2*i + 218, 4*i = 5*r - 157 - 393. Calculate the greatest common factor of r and 741.
57
Let s be 34 + -52 - (-284)/2. What is the greatest common divisor of 6262 and s?
62
Let z(o) = o**3 - 2*o + 25. Let i be z(0). Suppose -i = -4*g - g. Suppose -g*l + 540 = -l. What is the greatest common divisor of l and 15?
15
Let v be (-1 - -1 - 4)*(-11 + (-595)/(-70)). Calculate the greatest common divisor of v and 206.
2
Let s = -16 - -232. Suppose 6*l = -21*l + s. Calculate the highest common factor of 2 and l.
2
Let i be ((-6)/5)/(4/(-10)). Suppose -4*n + 9*n - 2*l + 241 = 0, l + 138 = -i*n. Let o = 127 + n. What is the greatest common factor of o and 16?
16
Let t be (-108)/(-288)*(5 + 83). What is the greatest common factor of t and 2937?
33
Let u = 75 - 145. Let f be (5 - 30/3)*u. What is the greatest common divisor of f and 35?
35
Let t be (-20631)/(-46)*10/15. Calculate the greatest common divisor of t and 208.
13
Suppose 0*f - 3*c + 490 = 4*f, -3*f - 5*c + 373 = 0. Let u = 122 - 134. Let n be (-135)/u - 4/16. Calculate the highest common factor of f and n.
11
Suppose -8*p + 14 = -10. Let i be (1334/69)/(2/p). What is the greatest common divisor of i and 232?
29
Suppose 0 = -r - 2*y + 13959, 32*y = r + 35*y - 13967. What is the highest common divisor of r and 146?
73
Suppose -14 = -13*o + 25. Suppose 0 = -3*w - 6, 0 = -3*y - o*w + 82 + 236. Suppose 3*h = -21 + 102. Calculate the highest common divisor of y and h.
27
Let r(g) = -g**3 - 2*g**2 + 11*g. Let f be r(-5). Let y be ((-295)/118)/(1/(-34)). What is the greatest common factor of f and y?
5
Let r be (-37030)/(-70) + (-2 + 0 - 3). Let u = 777 - r. Calculate the greatest common divisor of u and 23.
23
Let t = 8392 - 8382. Calculate the highest common divisor of t and 2400.
10
Let k(u) = u + 8. Let j be k(-2). Suppose 4*z - 21 = -n, 8*z - j*z - 2*n = 18. Calculate the highest common factor of 162 and z.
6
Let v(b) = 15*b + 1344. Let c be v(-89). Calculate the highest common factor of 3357 and c.
9
Suppose 2*l + 19 - 27 = 0. Suppose -l*k - 29 = -89. Suppose 13*g - k*g = -42. What is the greatest common factor of g and 3?
3
Let n = 2075 + -1305. What is the greatest common divisor of 595 and n?
35
Let g = -4563 - -4598. What is the greatest common factor of g and 112?
7
Let f(m) = -1056*m + 23. Let i be f(-2). Suppose -551 = 24*v - i. What is the greatest common divisor of v and 242?
22
Let t be 485760/336 + (-5)/7. What is the greatest common factor of 85 and t?
85
Let u(a) = -20 + 65*a - 88*a + 60*a. Let c be u(5). Calculate the highest common factor of c and 22.
11
Suppose 3*a + 16*x - 662 = 15*x, 4*x + 667 = 3*a. What is the highest common divisor of a and 351?
13
Suppose 10*w - 3554 - 3348 = -7*w. What is the greatest common factor of 1044 and w?
58
Suppose 5*a + 0*a - 50 = 0. Let o = -88 - -149. Let m = 71 - o. What is the highest common divisor of m and a?
10
Suppose -705*w - 700 = -715*w. Suppose 0*o = -3*o + 12. Suppose -u = -o*u + 30. Calculate the highest common divisor of w and u.
10
Let s be (-3)/21 - (597/(-63) - (-15)/(-9)). Let n(i) = 4*i**3 - 4*i**2 + 4. Let p be n(3). Let c = p - 43. What is the highest common divisor of c and s?
11
Let i = 3663 + -3656. What is the greatest common divisor of 238 and i?
7
Let r = 1372 - 1333. Suppose 0 = -2*c + 4*c - 6. Calculate the highest common factor of r and c.
3
Let r(j) = 3*j**3 - 21*j**2 + 43*j + 5. Let w be r(5). Calculate the highest common factor of w and 110.
10
Suppose -122*h + 31518 = 109*h - 213*h. What is the greatest common factor of h and 1339?
103
Suppose 4*h - 1674 = -2*z, 0 = -3*h + 3*z - 286 + 1537. Let n be (6 - (-13)/(-2))*-38. What is the highest common divisor of n and h?
19
Let g = 54 + -44. Suppose -5*t = -g*t + 25. Suppose -2*l = l - 2*u - 64, -t = u. Calculate the greatest common factor of l and 18.
18
Let u(h) = 754*h**2 + h + 1. Let x be u(-1). Let k = -516 + x. Let q be (-4)/(-34) - (-5684)/k. Calculate the highest common divisor of q and 32.
8
Let m = -30 - -76. Let a be ((-34)/(-9) - 1) + (-38)/(-171). Suppose -3*d + 191 = -4*z, d + 2*z + 130 = a*d. What is the highest common factor of d and m?
23
Let x(t) = 99*t**2 - 70*t - 140. Let j be x(-2). Calculate the highest common factor of 36 and j.
36
Let m(t) = 2*t + 9. Let p be m(-1). Let l be ((-12)/p)/((-36)/2142). What is the greatest common factor of 272 and l?
34
Suppose 5*t = 5*o + 6590, 8*t - 6592 = 3*t + 4*o. Suppose 10*x = -2*x + t. Let j = -19 + x. What is the greatest common factor of 13 and j?
13
Suppose -24 = -2*a - a - 2*l, 0 = 4*a - 3*l - 15. Suppose -4*u = -0*u - 16, -938 = -5*y - 2*u. Calculate the highest common divisor of a and y.
6
Let f(s) = -s**3 - 6*s**2 + 4*s - 1. Let q be f(-7). Suppose 3*d + 734 = 818. Calculate the greatest common factor of q and d.
4
Let q(t) = 254*t + 406. Let o be q(0). Calculate the greatest common factor of o and 42.
14
Let h = -278 + 281. Let l be (0 - h) + 51/3. Calculate the highest common factor of 35 and l.
7
Let g be (-470)/(8 - 10) - 11. Calculate the greatest common factor of 8176 and g.
112
Let b(i) = 2*i**2 - 17*i + 7. Let m be b(20). Let q = 486 - m. Calculate the greatest common divisor of q and 779.
19
Let p(i) = 13*i**2 - 142*i + 2525. Let f be p(18). Calculate the greatest common divisor of f and 113.
113
Suppose 126*g = 1004 + 253 + 255. Let d be (2/(-3))/((-4)/54). What is the highest common divisor of d and g?
3
Let z(a) = 5*a - 7. Let n(d) = 9*d + 12. Let m be n(0). Let x be z(m). What is the greatest common divisor of 371 and x?
53
Suppose 11*c - 28 = 7*c. Let r = -1212 + 1214. What is the highest common factor of c and r?
1
Let c = -613 + 809. Calculate the highest common factor of c and 168.
28
Suppose 5*d + 2*u + 10 = -3*u, 2*d = 2*u - 4. Let m = 16 - d. Let g be 6/(5/(-240)*-8). Calculate th